{"id":56,"date":"2025-07-15T11:18:01","date_gmt":"2025-07-15T11:18:01","guid":{"rendered":"https:\/\/2025-wp.audio-video-foto-film.ch\/?page_id=56"},"modified":"2025-10-21T12:40:20","modified_gmt":"2025-10-21T12:40:20","slug":"audio-transfer","status":"publish","type":"page","link":"https:\/\/2025-wp.audio-video-foto-film.ch\/franklin\/audio-transfer\/","title":{"rendered":"Audio &#8211; Transfer"},"content":{"rendered":"<div class=\"et_pb_section_0 et_pb_section et_section_regular et_block_section\">\n<div class=\"et_pb_row_0 et_pb_row et_pb_gutters3 et_block_row\">\n<div class=\"et_pb_column_0 et_pb_column et_pb_column_4_4 et-last-child et_block_column et_pb_css_mix_blend_mode_passthrough\">\n<div class=\"et_pb_text_0 et_pb_text et_pb_bg_layout_light et_pb_module\"><div class=\"et_pb_text_inner\"><p><!-- wp:heading --><\/p>\n<h2 class=\"wp-block-heading\">Digitalisierung und Audiorestauration<\/h2>\n<p><!-- \/wp:heading --><\/p>\n<p><!-- wp:paragraph --><\/p>\n<p>Wir bringen Ihre Audioaufnahmen ins digitale Zeitalter \u2013 mit h\u00f6chster Sorgfalt und modernster Technik:<\/p>\n<p><strong>\u00dcberspielung &amp; Digitalisierung<\/strong><\/p>\n<p>Von LPs, Musikkassetten, Spulentonband, Minidisc, DAT u.v.m. \u2013 wir \u00fcbertragen Ihre Aufnahmen in <strong>hochwertige digitale Formate<\/strong>. Auf Wunsch mit <strong>Abtastraten bis zu 192 kHz<\/strong> und <strong>24-Bit-Aufl\u00f6sung<\/strong> f\u00fcr maximale Klangtreue.<\/p>\n<p><!-- \/wp:list-item --><\/p>\n<p><!-- wp:list-item --><\/p>\n<p><strong>Audiorestauration<\/strong><br \/>St\u00f6rger\u00e4usche wie Brummen, Knackser oder Rauschen werden gezielt entfernt. Wir erhalten den Originalcharakter Ihrer Aufnahme, w\u00e4hrend st\u00f6rende Elemente minimiert werden.<\/p>\n<p><!-- \/wp:list-item --><\/p>\n<p><!-- wp:list-item --><\/p>\n<p><strong>Mastering &amp; Klangoptimierung<\/strong><br \/>Dynamikanpassung, Entrauschen, Entzerren, Lautst\u00e4rkeangleichung und Frequenzoptimierung \u2013 f\u00fcr einen klaren, ausgewogenen Klang auf allen Wiedergabeger\u00e4ten.<\/p>\n<p><!-- \/wp:list-item --><\/p>\n<p><!-- wp:list-item --><\/p>\n<p><strong>Indexierung &amp; Track-Aufbereitung<\/strong><br \/>Bestimmung von Titeln, Einf\u00fcgen von Pausen und Navigationspunkten f\u00fcr eine einfache Auswahl einzelner St\u00fccke.<\/p>\n<p><!-- \/wp:list-item --><\/p>\n<p><!-- wp:list-item --><\/p>\n<p><strong>Grafische Gestaltung<\/strong><br \/>Professionelles Design von Covers und Labels passend zu Ihren Aufnahmen.<\/p>\n<p><!-- \/wp:list-item --><\/p>\n<p><!-- \/wp:list --><\/p>\n<p><!-- wp:paragraph --><\/p>\n<p><strong>Wichtiger Hinweis:<\/strong> Sollten Urheberrechte verletzt werden, k\u00f6nnen wir den Auftrag leider nicht ausf\u00fchren.<\/p>\n<p><!-- \/wp:paragraph --><\/p>\n<\/div><\/div>\n<\/div>\n<\/div>\n<\/div>","protected":false},"excerpt":{"rendered":"<p>Wir bringen Ihre Audioaufnahmen ins digitale Zeitalter \u2013 mit h\u00f6chster Sorgfalt und modernster Technik<\/p>\n","protected":false},"author":2,"featured_media":20,"parent":0,"menu_order":0,"comment_status":"closed","ping_status":"closed","template":"","meta":{"inline_featured_image":false,"footnotes":""},"wf_page_folders":[6],"class_list":["post-56","page","type-page","status-publish","has-post-thumbnail","hentry"],"_links":{"self":[{"href":"https:\/\/2025-wp.audio-video-foto-film.ch\/franklin\/wp-json\/wp\/v2\/pages\/56","targetHints":{"allow":["GET"]}}],"collection":[{"href":"https:\/\/2025-wp.audio-video-foto-film.ch\/franklin\/wp-json\/wp\/v2\/pages"}],"about":[{"href":"https:\/\/2025-wp.audio-video-foto-film.ch\/franklin\/wp-json\/wp\/v2\/types\/page"}],"author":[{"embeddable":true,"href":"https:\/\/2025-wp.audio-video-foto-film.ch\/franklin\/wp-json\/wp\/v2\/users\/2"}],"replies":[{"embeddable":true,"href":"https:\/\/2025-wp.audio-video-foto-film.ch\/franklin\/wp-json\/wp\/v2\/comments?post=56"}],"version-history":[{"count":15,"href":"https:\/\/2025-wp.audio-video-foto-film.ch\/franklin\/wp-json\/wp\/v2\/pages\/56\/revisions"}],"predecessor-version":[{"id":220691,"href":"https:\/\/2025-wp.audio-video-foto-film.ch\/franklin\/wp-json\/wp\/v2\/pages\/56\/revisions\/220691"}],"wp:featuredmedia":[{"embeddable":true,"href":"https:\/\/2025-wp.audio-video-foto-film.ch\/franklin\/wp-json\/wp\/v2\/media\/20"}],"wp:attachment":[{"href":"https:\/\/2025-wp.audio-video-foto-film.ch\/franklin\/wp-json\/wp\/v2\/media?parent=56"}],"wp:term":[{"taxonomy":"wf_page_folders","embeddable":true,"href":"https:\/\/2025-wp.audio-video-foto-film.ch\/franklin\/wp-json\/wp\/v2\/wf_page_folders?post=56"}],"curies":[{"name":"wp","href":"https:\/\/api.w.org\/{rel}","templated":true}]}}